uppose -134 = -m + 3*j, 2*m + m - 402 = 3*j. What is the hundreds digit of m?
1
Suppose -g = -0*g - 10. Let i = 21 - g. What is the tens digit of i?
1
Let y(d) = -d**2 - 10*d + 8. What is the units digit of y(-6)?
2
Suppose 4*r - 7*r + 207 = 0. What is the tens digit of r?
6
Let b = 5 + -2. Let t be 1/4 - 858/(-24). Suppose -h + t = b*h. What is the units digit of h?
9
Let j(z) be the second derivative of z**3/6 - 5*z**2/2 + 4*z. Let q be j(4). What is the units digit of (-4)/(-12)*(-30)/q?
0
Let o be (-5)/(-30) + 22/12. Suppose -o*y = -24 + 2. What is the tens digit of y?
1
Let l = -10 + 12. Suppose l*i - 32 = 8. What is the units digit of i?
0
Let s(q) = -q**2 - 9*q - 1. Suppose -i + 5*i = -20. What is the tens digit of s(i)?
1
Suppose 0 = 4*c + 4 - 96. Let h = c - 13. What is the tens digit of h?
1
Suppose -k + 4*p = -2*k + 20, p = -k + 5. Suppose -2*o + 6*o = k. What is the units digit of 5 - (4/2 - o)?
3
Let b = 1 + 7. Suppose b - 38 = -2*m. Let q = 28 - m. What is the units digit of q?
3
Suppose 0 = -0*u + u - 5. Suppose 0 = u*i - 62 - 8. What is the units digit of i?
4
Suppose -9*v = -3*v - 378. What is the tens digit of v?
6
Suppose 2*a = -2*a + j + 62, -5*j = -2*a + 40. What is the units digit of a?
5
Suppose 0*p - 124 = -3*p - 5*f, 0 = 3*p - 2*f - 110. What is the tens digit of p?
3
Suppose -b = 2*b - 9. What is the units digit of b?
3
Let u = 1 - 1. Suppose u*y - 4*i - 12 = -2*y, 28 = 2*y + 4*i. Suppose 2*h + y = 0, -3*t + 11 = -h - 27. What is the units digit of t?
1
Let y(u) = -u**3 - 12*u**2 - 15*u - 18. What is the units digit of y(-11)?
6
Suppose -5*j + 63 = -2*j. What is the tens digit of j?
2
Suppose 0*q + q = 146. What is the hundreds digit of q?
1
Let m(k) = -3*k. Let d be (-4)/14 - (-30)/(-42). Let s be m(d). Suppose s*w - w - 19 = -3*x, w - 12 = -2*x. What is the units digit of w?
2
Suppose 0 = 5*n - 3*b + b - 511, 519 = 5*n + 2*b. Suppose -4*q + 154 = 3*y, -3*q + n = -0*q - 4*y. What is the units digit of q?
7
Suppose 5*o + 6 = 56. Suppose o = 4*k - 6. What is the units digit of k?
4
Let q = -105 + 234. What is the hundreds digit of q?
1
Let o(s) = 5*s + 40. What is the hundreds digit of o(15)?
1
Let u = 26 - 2. Let q = 1 - -1. Suppose -q*g = -3*o - g + u, -g + 24 = 3*o. What is the units digit of o?
8
Let d = 10 + -14. Let y = 2 + d. Let f = 4 + y. What is the units digit of f?
2
Let v = 200 - 112. What is the units digit of v?
8
Suppose 0 = -p + 17 + 3. Let n be ((-32)/p)/(2/(-10)). Suppose z + 3 = n. What is the units digit of z?
5
Suppose -104 = -u + 3*n, -3*u = 3*n - 2*n - 342. What is the hundreds digit of u?
1
Suppose w + 3*m + m = -7, 3*w - 3*m - 9 = 0. What is the units digit of (33 - 0)/3*w?
1
Suppose 0 = -0*p - p. Suppose p = -v + 2. Suppose -v*c = -0*c + 5*z - 29, 0 = -2*c - z + 17. What is the units digit of c?
7
Let q(p) = -4*p**2 + 3*p**2 - 8 + 5*p + 2*p**2. Let k be (-28)/4 - 0/1. What is the units digit of q(k)?
6
Let r(w) = -w**2 - w + 1. Let c(x) = 5*x**2 + 5*x - 5. Let s(d) = c(d) + 4*r(d). Let n be s(2). Suppose 15 - n = 5*v. What is the units digit of v?
2
Suppose 5*p = -2 - 8. Let s(r) = r**3 + 3*r**2 + r. Let c be s(p). Let t(u) = u**2 - 3*u + 3. What is the units digit of t(c)?
1
Let q(u) be the second derivative of 4*u - 1/6*u**3 + 0 - 3/2*u**2 + 1/12*u**4. What is the units digit of q(3)?
3
Let s = -94 - -269. What is the tens digit of s?
7
Let b(h) = h + 7. Let z be b(-5). Suppose -90 = -4*g - 2*m, -z*m = 4*g - 6*m - 84. Let p = -9 + g. What is the units digit of p?
3
Let d = 26 - -30. What is the units digit of d?
6
Suppose 0 = 4*n - 7 + 3. Let v = -3 + 8. Suppose 5*o - 3*f - 68 = f, -n = -o + v*f. What is the units digit of o?
6
Let v(l) = -l**3 - l**2 + 15*l - 3. What is the units digit of v(-5)?
2
What is the units digit of (1/2)/(11/66)?
3
What is the units digit of 2 - (-1 - (0 - -4))?
7
Let u be 6/33 - (-40)/22. Suppose 0 = u*p - 5*p + 93. What is the units digit of p?
1
Let n(c) = c**2 - 16. What is the units digit of n(-5)?
9
Suppose -3*w - 554 = -5*x, 450 = 5*x + w - 112. What is the units digit of x?
2
Suppose 4*d + 18 = -w - w, -3*d + 4*w = 41. Let m = 16 + d. What is the units digit of m?
9
Suppose -4*p = -0*p + 3*w - 9, 4*w = p - 7. Suppose -p = h - 10. What is the units digit of h?
7
Suppose 4*f - 17 = -3*i, -5 = f + 4*f - 5*i. What is the units digit of (-888)/(-26) - f/13?
4
Let n(a) = 15*a**2 - a. Let s be n(1). Suppose 4*b + 5*w - 86 = 0, -4*w + s + 13 = b. What is the units digit of b?
9
Suppose -2*u = -9 + 3. Suppose -3*v + u*q = -66, 0*v + 26 = v + 3*q. Suppose -4*s + v = -3*s + 5*w, -5*s - w = -19. What is the units digit of s?
3
Let v = 109 - 29. Suppose -y - 58 = -3*g, 2*g - v = -2*g + 2*y. What is the units digit of g?
8
Suppose -10*f + 7*f = -1248. What is the tens digit of f?
1
What is the units digit of (1 + 45)/((-2)/(-9))?
7
Let b = -21 - -49. Let j = -42 + b. What is the units digit of (-4)/j + (-47)/(-7)?
7
Let p(b) = b**3 + 9*b**2 + 9*b + 10. Let j = 9 - 17. Let q be p(j). What is the tens digit of 10 - (-3)/6*q?
1
Suppose -72 = 2*i - 6*i. Let n(j) = -j - 6. Let y be n(-4). Let a = i - y. What is the tens digit of a?
2
Let w = 24 - 18. Suppose -w*m + 9 = -5*m. What is the units digit of m?
9
Let l = 0 - -2. Suppose -n + 0 = -l. Let y = n - -2. What is the units digit of y?
4
Let r = -7 - -16. Let g(m) = 2*m - 10. What is the units digit of g(r)?
8
Let v(k) = k + 14. Let y be v(-16). What is the tens digit of y*(-3 - (-44)/(-8))?
1
Let x(s) = s**2 - s + 11. Let j = 0 - 0. Let h be x(j). What is the units digit of (-5 + 1)*h/(-4)?
1
Suppose 4*b - 35 = 3*a, -2*a + 3*b = b + 22. Let f = -8 - a. What is the units digit of f?
1
Let j(g) = g. Let w be j(-4). Let p(l) = -l**3 - 6*l**2 + 4*l - 7. Let c be p(-7). Let y = w + c. What is the units digit of y?
0
Suppose 0 = 3*p + 4*r + 161, -3*r = p + 4*p + 272. Let v = p + 96. Suppose -5*t - 2*w + v = 0, t = -5*w - 1 - 0. What is the units digit of t?
9
Let y(w) = w**2 + 10*w - 9. Let s be y(-11). Let a = s - -5. What is the units digit of a?
7
Let v be ((-2)/3)/(2/(-159)). Suppose 5*s - 12 = v. What is the units digit of s?
3
Suppose -2*v - 2*v - 16 = 0. What is the units digit of (-42)/v*16/6?
8
Suppose 0 = -o - 2*o. Suppose 0 = -4*a + 4*w + 9 - 1, o = -a + 4*w + 2. Suppose -9 = -a*f - 1. What is the units digit of f?
4
Let y = 50 - 3. What is the units digit of y?
7
What is the units digit of ((-11)/(-5) + -1)*20?
4
Let d(f) be the first derivative of 2 - 5/2*f**2 + 3*f - 1/3*f**3. What is the units digit of d(-5)?
3
Let o(k) = k**2 - 4*k - 5. Let s be o(6). Let i(b) = s - 4 + 2*b - 4. What is the units digit of i(2)?
3
Suppose 0 = -2*n - 0*n. Suppose -36 = -n*b + 3*b. What is the tens digit of 1 - -1 - (b + 3)?
1
Let a = -10 - -2. Let o = 1 - 2. Let n = o - a. What is the units digit of n?
7
Let n(c) = 2 + 2*c**2 - 5*c - c**3 - 11*c**2 - 1. What is the tens digit of n(-9)?
4
Let i(x) = -4*x**2 - 3*x + 2. Let d = 4 + -7. Let j be i(d). What is the units digit of 1/(-4) + j/(-4)?
6
Let g(h) = -2*h + 2 + h - 5*h. Let d be g(-3). Suppose 0 = 3*m - d - 4. What is the units digit of m?
8
Let b = 4 - -28. What is the units digit of b?
2
Suppose 0*i + 2*i = 168. Suppose l = -l + i. What is the units digit of l?
2
Suppose -g + 3*i - 112 = -318, g - 190 = -5*i. Let l be ((-2)/(-4))/(2/g). Suppose -3*z - 3*b + 18 = -0*b, 5*z = -b + l. What is the units digit of z?
1
Suppose -6*d = -8*d + 22. What is the tens digit of d?
1
Let v(k) = -k**3 - 2*k**2 + 1. Let h be v(-3). Let i = -1 + h. What is the units digit of i?
9
Suppose 69 = 2*o + a, -4*o = -0*a + a - 141. What is the units digit of o?
6
Let l(m) = m**2 - 13*m + 10. Let a be l(9). Let t = a + 38. What is the tens digit of t?
1
Let k(b) = -3*b**2 - 2 - 6*b + 4*b**2 - 1. What is the tens digit of k(9)?
2
Let o = 12 - -6. Suppose 0*t = 3*t - o. Let g = t - 4. What is the units digit of g?
2
Let v = 57 + -13. What is the tens digit of v?
4
Suppose -5*k + 3 + 12 = 0, -2*h - k = -3. Let l = -2 + h. What is the units digit of (l/(-3))/((-1)/(-12))?
8
Let q(d) = 0*d**3 + d**2 - 1 - 10*d + 7*d**2 - d**3. What is the tens digit of q(5)?
2
Let t = -8 - -3. Let o = t + 2. What is the units digit of (-4)/(-2) + o + 2?
1
Let a(g) = g**2 - g + 2. Let i be a(2). Let m = 9 - i. Suppose 0